n divisor of 3683375 and 1492.
373
What is the greatest common divisor of 194 and 61056941?
97
Calculate the greatest common factor of 6256 and 1074317856.
6256
What is the greatest common factor of 26298 and 11451318?
2922
Calculate the highest common factor of 33 and 113765399.
11
Calculate the greatest common factor of 568 and 8899637.
71
What is the highest common divisor of 326111 and 21862?
17
What is the greatest common factor of 8323 and 101871?
7
What is the greatest common factor of 143035856 and 3214?
3214
Calculate the greatest common divisor of 477074 and 28.
2
What is the highest common factor of 39 and 279014853?
39
Calculate the highest common divisor of 63 and 1765869.
21
What is the highest common factor of 21173866 and 266?
266
What is the highest common divisor of 93 and 10199837?
31
Calculate the greatest common divisor of 618 and 29002.
2
What is the greatest common divisor of 4444970 and 438?
146
Calculate the highest common factor of 36744344 and 22542.
442
Calculate the greatest common factor of 20033940 and 10.
10
What is the highest common factor of 10 and 15257085?
5
Calculate the highest common factor of 480 and 1917845040.
240
Calculate the greatest common factor of 37841547 and 933.
933
Calculate the highest common factor of 30246732 and 444.
12
What is the highest common factor of 349216773 and 249?
249
What is the greatest common divisor of 4488 and 73420824?
408
Calculate the highest common divisor of 1752916 and 1991.
11
Calculate the greatest common divisor of 70 and 1596790.
10
What is the highest common factor of 91488078 and 15048?
3762
Calculate the highest common factor of 106966 and 668876.
1354
What is the greatest common factor of 2114442 and 4203?
9
What is the highest common factor of 301 and 1751145459?
301
What is the highest common factor of 186960672 and 856?
856
What is the greatest common divisor of 1239504 and 11802?
42
What is the greatest common divisor of 3606 and 199608327?
1803
What is the greatest common divisor of 3658 and 13488379?
31
What is the greatest common divisor of 2162820 and 4460?
20
Calculate the highest common factor of 14534886 and 10089.
3363
What is the highest common divisor of 27 and 56698704?
27
Calculate the highest common divisor of 1600660 and 8965.
815
Calculate the highest common divisor of 6519258 and 25346.
1334
What is the highest common factor of 1533 and 5267972?
73
What is the highest common divisor of 2516590 and 206425?
1795
What is the greatest common factor of 16118128 and 208?
208
What is the greatest common factor of 7924 and 158478019?
1981
What is the greatest common divisor of 26287 and 1837922?
271
Calculate the greatest common factor of 162 and 381726.
54
What is the highest common divisor of 312940 and 48460?
20
Calculate the greatest common factor of 1528883 and 717.
239
Calculate the greatest common factor of 125889 and 110751.
87
Calculate the highest common divisor of 200 and 5693975.
25
What is the highest common factor of 142464 and 137046?
42
Calculate the highest common divisor of 19431 and 11148822.
1143
What is the highest common divisor of 56502 and 957438?
774
What is the highest common divisor of 88779 and 453564?
879
What is the highest common factor of 10406316 and 2208?
12
Calculate the greatest common factor of 37835 and 1471288.
329
What is the greatest common divisor of 11 and 2981231?
11
What is the greatest common divisor of 566892 and 3081163?
5249
What is the highest common divisor of 105 and 395598?
21
What is the greatest common divisor of 94 and 800887426?
94
What is the greatest common divisor of 231352 and 1475108?
956
Calculate the highest common factor of 247 and 1813873.
19
What is the highest common divisor of 116256 and 4704?
672
Calculate the highest common divisor of 18 and 26317953.
9
What is the greatest common factor of 1920864 and 768?
96
Calculate the highest common factor of 1536 and 18779648.
512
What is the greatest common divisor of 341 and 177551849?
31
What is the greatest common factor of 74 and 50416422?
74
What is the greatest common factor of 23976 and 560328?
888
Calculate the greatest common factor of 68544 and 1236228.
84
Calculate the highest common factor of 614 and 29083031.
307
Calculate the highest common factor of 633878475 and 3097.
3097
Calculate the greatest common divisor of 5195 and 13375.
5
What is the highest common factor of 1351 and 27650?
7
What is the greatest common divisor of 543599 and 13892739?
6881
What is the greatest common divisor of 1402190 and 63225?
1405
Calculate the highest common factor of 266 and 28279106.
38
What is the greatest common divisor of 8707593 and 69?
69
Calculate the highest common divisor of 2882152 and 10752.
56
Calculate the greatest common factor of 106 and 5428949.
53
Calculate the highest common divisor of 20683 and 77562841.
1591
Calculate the highest common divisor of 17631 and 66055521.
1959
What is the greatest common divisor of 299943 and 719649?
63
Calculate the greatest common divisor of 12058345 and 871.
13
What is the greatest common divisor of 120968 and 912?
8
What is the greatest common divisor of 7965 and 4671?
27
Calculate the greatest common divisor of 2036213871 and 4449.
4449
Calculate the highest common factor of 26 and 125062.
2
Calculate the greatest common factor of 11242 and 301855.
73
What is the greatest common divisor of 1039337 and 4589?
13
What is the highest common divisor of 47550 and 21858735?
4755
What is the highest common factor of 14640 and 1214205?
915
What is the highest common factor of 21500 and 508500?
500
Calculate the greatest common divisor of 81890628 and 24.
12
Calculate the highest common divisor of 1161 and 20886003.
387
Calculate the highest common factor of 70 and 18722774.
14
Calculate the highest common factor of 28 and 5200342.
14
Calculate the highest common divisor of 49046822 and 548.
274
Calculate the greatest common divisor of 540 and 14980599.
27
Calculate the greatest common factor of 38236891 and 4081.
77
Calculate the greatest common divisor of 21567 and 2279466.
1659
What is the greatest common factor of 2076 and 29740257?
519
Calculate the greatest common divisor of 216705354 and 46692.
7782
Calculate the greatest common factor of 1430 and 42003910.
130
What is the greatest common divisor of 313410 and 23178?
6
Calculate the greatest common divisor of 15602964 and 19812.
156
What is the highest common divisor of 1087836 and 731964?
4044
What is the greatest common divisor of 608854 and 33402?
586
What is the highest common divisor of 1425482011 and 2703?
901
Calculate the greatest common factor of 1596301 and 79061.
457
What is the greatest common factor of 11688 and 40214025?
1461
What is the greatest common factor of 332013071 and 39?
13
Calculate the highest common factor of 8681971 and 184.
23
What is the greatest common divisor of 1496 and 4178702?
374
Calculate the highest common factor of 2021 and 89537137.
43
Calculate the highest common divisor of 7485 and 341700230.
2495
What is the greatest common factor of 56 and 5009851?
7
Calculate the greatest common divisor of 9120 and 1535371.
19
What is the greatest common divisor of 408 and 3727726?
34
Calculate the highest common factor of 14352 and 33776.
16
What is the greatest common factor of 280 and 40234180?
140
What is the highest common factor of 17047860 and 48?
12
What is the greatest common factor of 13 and 89258767?
13
Calculate the greatest common factor of 3054403598 and 5249.
5249
Calculate the highest common factor of 1634300704 and 20032.
10016
Calculate the highest common divisor of 217 and 6438607.
217
What is the highest common factor of 222 and 693828?
6
What is the highest common divisor of 24546448 and 16?
16
Calculate the greatest common divisor of 3095 and 101935063.
619
What is the highest common divisor of 11 and 105707?
1
Calculate the highest common divisor of 3584 and 403256.
56
Calculate the greatest common factor of 19929 and 4586955.
219
What is the highest common divisor of 1694 and 24886554?
1694
Calculate the greatest common divisor of 4339768 and 917.
131
Calculate the greatest common divisor of 189 and 41247.
9
What is the highest common divisor of 9231567 and 1074?
537
What is the hig